ens digit of 3942 + (6 - 1/(-1))?
4
Let b = -995 + 2176. What is the thousands digit of b?
1
Suppose -2*x + 4055 + 8472 = 3*h, 5*x = 3*h + 31328. What is the tens digit of x?
6
What is the tens digit of (-2664)/(-63) - -6 - 4/14?
4
Let h = -860 + 1593. What is the tens digit of h?
3
Let t be 24/(-84) - (-24)/(-14). Let j be 1060/16 + t/8. Suppose 5*c = j + 124. What is the tens digit of c?
3
Suppose 0 = h + 479 - 1355. Suppose 0 = m - 3*u - 148, -4*m + h - 270 = 2*u. What is the tens digit of m?
5
What is the units digit of 7/(14/(-6940))*219/(-146)?
5
Let u be 45/(-2)*30/(-25). Let n = u - 23. Suppose 0*i - 132 = -n*i. What is the units digit of i?
3
Suppose -5*u = 34 + 41. Let x(q) = -8*q + 65. What is the hundreds digit of x(u)?
1
Suppose 2*p + 2*p - l = -444, -l - 326 = 3*p. Let o = -59 - p. What is the units digit of o?
1
Suppose 2*j - 236 = -2*j. Let z be (j/1 - 0) + 1. Suppose -4*x + 176 = z. What is the tens digit of x?
2
Suppose 5*z - 2*z - 9 = 0. Suppose 2*j = -z*g - 3*j + 270, -88 = -g - j. What is the units digit of g?
5
Let k(m) = 91*m - 146. What is the units digit of k(17)?
1
Let h = 2287 + -1598. What is the units digit of h?
9
Suppose 4*g + 2*q = -14, 37 = -2*g + 3*q + 2*q. Let h = -4 - g. What is the units digit of h?
2
Suppose 10*a = 15*a + x - 1724, 5*a + 4*x - 1721 = 0. What is the hundreds digit of a?
3
Suppose -8*r + 2*u = -3*r - 51, 0 = -4*r - u + 46. Let g(j) = 3*j + 0 - 3 - r*j - 10*j. What is the tens digit of g(-1)?
1
Let k(m) be the second derivative of -3*m**5/20 - 2*m**3/3 - m**2/2 - 34*m. What is the units digit of k(-2)?
1
Let j(l) = 24*l - 24. Let w be j(11). Let t = w - 164. What is the units digit of t?
6
Let t(i) = -9*i + 2. Let d be t(-4). Let g be (0/3*(-2 - -1))/2. Suppose g*c + d = c. What is the tens digit of c?
3
What is the hundreds digit of ((-1107)/(-18) + 4)/(2/12)?
3
Suppose 0 = -60*q + 17918 + 126142. What is the units digit of q?
1
Let u be -84*(-77)/363 - (-4)/22. Let i be (2/6)/(1/39). Let k = u - i. What is the units digit of k?
5
Let h be (-105)/(-12) - 3/4. Suppose -h = -6*r + 2*r. What is the units digit of -2*r/((-4)/15)?
5
Let n be (-1 - -9) + 3/(3/2). Suppose -9*i - 31 = -n*i. What is the tens digit of i?
3
Suppose -3*z = 0, 0 = -3*c + c + 2*z + 334. What is the units digit of c?
7
Let r(t) = 5*t**2 + 2*t. Let a be r(-1). Let j(x) = 21*x**2 + 3*x - 2. What is the tens digit of j(a)?
9
Let s(r) = 4*r**3 + r - 11. Let i be s(6). Suppose 127 = -3*l + i. What is the hundreds digit of l?
2
Let c(w) = 0*w + 9*w**2 + w - w**3 + w**2 + 1. Let y be c(10). Suppose -7*s - 36 = -y*s. What is the units digit of s?
9
Suppose 9*q - 48778 = -19114. What is the hundreds digit of q?
2
Suppose 0 = -3*z - 9, -n - 2*z = -506 - 65. What is the hundreds digit of n?
5
What is the tens digit of (-1315)/(-2) + (12/(-8))/3?
5
Suppose -15*b = -11*b + 24. Let k(v) = 2*v**3 + 13*v**2 + 6*v + 8. Let x be k(b). Suppose 2*j = x*j - 318. What is the units digit of j?
3
Let g(z) = -74*z - 270. What is the hundreds digit of g(-15)?
8
Let d(h) = 29*h - 188. What is the thousands digit of d(42)?
1
Suppose -2*r + 5*r + 5*b = -73, r - 2*b + 6 = 0. Let p be (r/14)/((-2)/7). Suppose 9 - p = 5*v. What is the units digit of v?
1
Let f = 100 + -62. Let s = -19 + f. What is the units digit of s?
9
Suppose 6*g - 173 = 187. Suppose -u = -j + g + 98, 3*u = -3. What is the units digit of j?
7
Let s = 898 - 594. What is the tens digit of s?
0
Suppose -2*z = -7*z. Suppose z = 4*q + n + n - 106, 0 = 4*n + 20. What is the units digit of q?
9
Let l = -12629 + 8036. What is the hundreds digit of (-10)/(-35) - l/21?
2
Suppose 0*z - 25 = -z. Suppose 2*v + 3*v - 2*c = z, -2*v - 9 = 3*c. Let s(x) = x**3 - x**2 + x - 1. What is the units digit of s(v)?
0
Suppose -2*z + 13 = 3*s, 0 = 4*z - s - 10 - 37. Let f be (-7 - -9) + -3 - 2. Let y = f + z. What is the units digit of y?
8
Suppose 4*y = -5*q - 2, -5*q + q - 3*y - 1 = 0. Let m be q/(-5) - 156/(-15). What is the tens digit of (-15 + 1)*m/(-4)?
3
Let a(p) = 59*p**3 - 5*p**2 + p - 4. Let d(j) = -60*j**3 + 6*j**2 - j + 5. Let c(r) = -6*a(r) - 5*d(r). What is the tens digit of c(-1)?
5
Suppose r + 3 = 2*k + 2, 0 = 5*k - 15. Suppose d + 128 = r*d. Let y = d + 5. What is the tens digit of y?
3
Let f = -1097 + 2243. What is the hundreds digit of f?
1
What is the thousands digit of ((-232)/(-58))/(8/8518)?
4
Let u be (-42)/5 + 2/5. Let k be 183/4 - 2/u. Let b = -25 + k. What is the tens digit of b?
2
What is the units digit of 3 - (-1379 - (-7 + 4))?
9
Let h(g) = 11 + 112*g - 6 - 126*g. What is the tens digit of h(-6)?
8
Let x(k) = -k - 4. Let b be x(-8). Let a = b - -16. What is the units digit of a?
0
Suppose 5*x = 4*p + 329, 0 = 3*x - 2*p - 85 - 114. What is the tens digit of x?
6
Let r be 15 + 4 - (-2 + 3). Let g be (1/(-3))/((-1)/r). Suppose k - 2 = -g, -5*k - 46 = -2*y. What is the tens digit of y?
1
Let j = -62 - -62. Suppose 4*p - 16 = 4, 3*w + 2*p - 283 = j. What is the tens digit of w?
9
Suppose -3*m - 2*o - 5 = -2*m, o + 5 = -3*m. Suppose 20*a - 15*a + 105 = 0. Let w = m - a. What is the units digit of w?
0
Let n be (0 + 2)*(-7)/((-21)/72). Let c be (1 - 3/5)*-70. Let y = c + n. What is the units digit of y?
0
Let o = -339 - -628. What is the hundreds digit of o?
2
Let h(i) = -i**3 + 6*i**2 + 6*i + 5. Let v be h(7). Let p be 2/(-4 - v) - 0. What is the tens digit of 1*p - (12 + -39)?
2
Suppose 0 = 10*g - 6*g - 676. What is the units digit of g?
9
Suppose 29*y - 18*y = 7821. What is the hundreds digit of y?
7
Let w(f) be the third derivative of 5*f**4/24 + f**3/3 + 8*f**2. What is the tens digit of w(3)?
1
Suppose -4*c = 4*r - 32, -5 = 5*r - 4*c - 0*c. What is the tens digit of (1 - 0) + r + -7 + 58?
5
Suppose -6 = -3*n + 21. Let q be -1 - 3/(n/(-12)). Suppose -16 = -v - q*v. What is the units digit of v?
4
Let c(d) = 2*d**3 - d**2 - d - 1. Let v be c(-1). Let y(o) be the third derivative of o**5/20 + o**4/12 + 7*o**3/6 + 5*o**2. What is the tens digit of y(v)?
2
Let m(h) = -h**3 + 2*h**2 + 4*h. Let s(t) = 4*t + t**2 - 5 - 3*t + 0*t + t. Let x be s(-4). What is the units digit of m(x)?
3
Suppose 95 = b + 3*n - 934, b - 1035 = -5*n. What is the thousands digit of b?
1
Let m(i) = -2*i**3 + 8*i**2 - 9*i + 18. What is the hundreds digit of m(-8)?
6
Suppose 11*r = 6*r - 175. What is the tens digit of r*((-6)/15 - 1)?
4
Suppose -5*a + f = -10, -4*a + 0*a + 3*f = 3. Suppose -3*l + 255 = l - a*s, 0 = l + 3*s - 60. What is the units digit of l?
3
Suppose 2*r - 57 - 71 = 0. What is the units digit of (r - 0) + (-3 - 1)?
0
What is the tens digit of 3326/30 + (308/60 - 5)?
1
Let n(a) = 33*a - 4 - 4 - 1. What is the hundreds digit of n(6)?
1
Let w = -412 + 778. What is the hundreds digit of w?
3
Let h(c) = c**3 - 17*c**2 + 14*c - 9. Let z be h(15). What is the hundreds digit of 2/((-86)/z - (-11)/(-33))?
1
Let s be 12/(-42) - 30/(-7). Suppose s*a = 10 - 2, a + 282 = 4*t. What is the units digit of t?
1
Let a be (-4)/(((-3)/6)/((-7)/(-14))). Suppose -163 = -5*k + a*k. What is the hundreds digit of k?
1
Suppose s + 3*d - d = 35, 0 = s - d - 41. Suppose -c - s = 2*c. What is the units digit of (-2 - 0)/(c/364)?
6
Suppose -2*v + 109 = -269. Let s = 398 - v. What is the tens digit of s?
0
Suppose d + 220 = -3*d. Let n = 126 - d. What is the units digit of n?
1
Let x(v) = -v**3 + 15*v**2 + 17. Suppose -h - 3*h = -3*c + 44, -88 = -4*c - 2*h. Suppose c = 3*m - 25. What is the tens digit of x(m)?
1
Let h = 48 - 31. Suppose -4*b + j + 11 = 0, 2*b - 5*j + h = -0*j. Suppose -21 = -b*y - 3*f, -2*y - 4*f - 1 - 1 = 0. What is the units digit of y?
9
Suppose 2*p - 6 = 0, -l = 2*l + 2*p - 12. Let h(j) = l*j + j - 1 - 4 + j. What is the tens digit of h(7)?
2
Let h(k) = 5*k**2 - 2*k + 1. Let l be h(1). Suppose -2*j = -l*i + 50, 2*i - 4*j = -i + 25. Let z = -8 + i. What is the units digit of z?
7
Let u(f) = -5*f**3 - f**2 - f + 1. Let o be u(1). What is the units digit of (o + 124)*1/2?
9
Let p be (100/12)/(4/(-12)). Let k = p + 59. What is the tens digit of k?
3
Suppose -u + 25 - 30 = 0, 2*h - 5*u = 1001. What is the units digit of h?
8
Let u = -10080 - -15550. What is the units digit of u?
0
Suppose 0 = 6*p + 171 + 291. Let w = p + 142. What is the tens digit of w?
6
Let n = 12 + -15. Let g be (-184)/(-12) - n/(-9). L